inder when 8886396 is divided by 153.
3
Calculate the remainder when 3912 is divided by 642.
60
Calculate the remainder when 119036 is divided by 171.
20
What is the remainder when 3258540 is divided by 108617?
30
What is the remainder when 3347563 is divided by 41?
36
What is the remainder when 39894 is divided by 796?
94
What is the remainder when 284657 is divided by 141781?
1095
Calculate the remainder when 91464088 is divided by 2005.
2003
Calculate the remainder when 7447165 is divided by 31.
4
What is the remainder when 1014851 is divided by 3417?
2
What is the remainder when 1267776 is divided by 140864?
0
Calculate the remainder when 79362 is divided by 1005.
972
What is the remainder when 6653311 is divided by 2557?
2554
What is the remainder when 471789 is divided by 197?
171
Calculate the remainder when 7996790 is divided by 177705.
65
What is the remainder when 503186 is divided by 1010?
206
Calculate the remainder when 5372472 is divided by 9949.
12
What is the remainder when 98063 is divided by 49028?
7
What is the remainder when 663659 is divided by 578?
115
What is the remainder when 61340571 is divided by 12268112?
11
What is the remainder when 133770 is divided by 1355?
980
What is the remainder when 4124 is divided by 2291?
1833
Calculate the remainder when 57710349 is divided by 13.
8
What is the remainder when 9656 is divided by 1325?
381
Calculate the remainder when 3848320 is divided by 8384.
64
Calculate the remainder when 2446178 is divided by 452.
406
Calculate the remainder when 2116689 is divided by 1926.
15
Calculate the remainder when 744871 is divided by 186215.
11
Calculate the remainder when 153901 is divided by 3009.
442
Calculate the remainder when 654911 is divided by 602.
537
What is the remainder when 381296 is divided by 42363?
29
What is the remainder when 531985 is divided by 91?
90
What is the remainder when 709428 is divided by 10522?
4454
Calculate the remainder when 8227726 is divided by 68.
66
What is the remainder when 3525188 is divided by 1464?
1340
Calculate the remainder when 738878 is divided by 586.
518
Calculate the remainder when 778984 is divided by 389419.
146
What is the remainder when 1184947 is divided by 49?
29
What is the remainder when 5383373 is divided by 594?
545
What is the remainder when 97334145 is divided by 19?
14
What is the remainder when 553240 is divided by 165?
160
Calculate the remainder when 2746747 is divided by 130797.
10
Calculate the remainder when 8257818 is divided by 8257793.
25
What is the remainder when 23742 is divided by 2823?
1158
Calculate the remainder when 292453735 is divided by 952618.
9
Calculate the remainder when 8377 is divided by 584.
201
Calculate the remainder when 12611818 is divided by 38.
36
What is the remainder when 2149749 is divided by 1015?
994
Calculate the remainder when 3697 is divided by 1760.
177
What is the remainder when 3627518 is divided by 1541?
4
What is the remainder when 1247010 is divided by 2860?
50
Calculate the remainder when 203382 is divided by 67713.
243
What is the remainder when 5789685 is divided by 951?
948
Calculate the remainder when 96597 is divided by 926.
293
What is the remainder when 35373 is divided by 842?
9
What is the remainder when 17242 is divided by 941?
304
What is the remainder when 50940729 is divided by 38?
19
What is the remainder when 597681 is divided by 3592?
1409
What is the remainder when 366333 is divided by 366323?
10
What is the remainder when 5524305 is divided by 71?
8
What is the remainder when 27142079 is divided by 5770?
5769
Calculate the remainder when 11340 is divided by 1591.
203
Calculate the remainder when 357329 is divided by 4935.
2009
Calculate the remainder when 24289 is divided by 24269.
20
What is the remainder when 1835212 is divided by 152916?
220
Calculate the remainder when 6687847 is divided by 167.
165
Calculate the remainder when 176186 is divided by 1019.
918
Calculate the remainder when 229068 is divided by 2657.
566
What is the remainder when 480811 is divided by 5863?
45
Calculate the remainder when 173750 is divided by 89.
22
What is the remainder when 173823 is divided by 13361?
130
Calculate the remainder when 347946 is divided by 654.
18
Calculate the remainder when 60662874 is divided by 1623.
3
What is the remainder when 517518 is divided by 9853?
5162
Calculate the remainder when 210069 is divided by 104983.
103
Calculate the remainder when 6481288 is divided by 222.
220
Calculate the remainder when 33611861 is divided by 41191.
5
What is the remainder when 1586539480 is divided by 1254?
1252
What is the remainder when 357540 is divided by 196?
36
Calculate the remainder when 2784642 is divided by 6945.
6642
What is the remainder when 15266752 is divided by 4?
0
Calculate the remainder when 456177 is divided by 279.
12
Calculate the remainder when 2815219 is divided by 2813977.
1242
What is the remainder when 155967 is divided by 9169?
94
What is the remainder when 12752 is divided by 12140?
612
What is the remainder when 526388 is divided by 27?
23
Calculate the remainder when 8138298 is divided by 541.
35
What is the remainder when 34198820 is divided by 25?
20
What is the remainder when 497532 is divided by 71070?
42
What is the remainder when 223190104 is divided by 19?
11
Calculate the remainder when 229106 is divided by 38042.
854
What is the remainder when 74153536 is divided by 4051?
4032
Calculate the remainder when 116778597 is divided by 440.
397
What is the remainder when 277633 is divided by 8955?
28
Calculate the remainder when 66269556 is divided by 767.
756
What is the remainder when 26599566 is divided by 6272?
14
What is the remainder when 17225 is divided by 155?
20
What is the remainder when 38016507 is divided by 362?
353
Calculate the remainder when 384559 is divided by 2100.
259
What is the remainder when 497198 is divided by 445?
133
What is the remainder when 343396 is divided by 68657?
111
Calculate the remainder when 28350 is divided by 14.
0
What is the remainder when 2080668 is divided by 13004?
28
What is the remainder when 8248755 is divided by 119547?
12
Calculate the remainder when 1458297481 is divided by 14.
11
Calculate the remainder when 19622 is divided by 4471.
1738
Calculate the remainder when 203986 is divided by 66749.
3739
What is the remainder when 480839 is divided by 119667?
2171
Calculate the remainder when 4792144 is divided by 160.
144
What is the remainder when 515777 is divided by 3794?
3587
What is the remainder when 2646804 is divided by 48?
36
Calculate the remainder when 78919 is divided by 1038.
31
What is the remainder when 1866690 is divided by 753?
3
Calculate the remainder when 617110 is divided by 311.
86
Calculate the remainder when 2212908 is divided by 94.
54
Calculate the remainder when 10368948 is divided by 1296118.
4
Calculate the remainder when 3115462 is divided by 63.
49
What is the remainder when 1571222 is divided by 261869?
8
What is the remainder when 378634 is divided by 31515?
454
What is the remainder when 17614450 is divided by 3522890?
0
Calculate the remainder when 88989 is divided by 43446.
2097
What is the remainder when 107715942 is divided by 1633?
1629
What is the remainder when 325010 is divided by 470?
240
Calculate the remainder when 432451 is divided by 48045.
46
Calculate the remainder when 133622 is divided by 518.
496
Calculate the remainder when 3710851 is divided by 1855415.
21
What is the remainder when 1844924 is divided by 68?
16
What is the remainder when 1158094295 is divided by 149?
139
What is the remainder when 828679 is divided by 206956?
855
What is the remainder when 10115221 is divided by 114?
1
What is the remainder when 2660774 is divided by 2660484?
290
What is the remainder when 186802 is divided by 4561?
4362
Calculate the remainder when 266191316 is divided by 40.
36
What is the remainder when 19685613 is divided by 305?
303
What is the remainder when 284548769 is divided by 142274376?
17
What is the remainder when 3513089 is divided by 1171013?
50
Calculate the remainder when 263836 is divided by 131688.
460
Calculate the remainder when 8386180 is divided by 27.
7
Calculate the remainder when 625838 is divided by 13891.
743
What is t